{"id":57,"date":"2021-08-16T11:26:54","date_gmt":"2021-08-16T11:26:54","guid":{"rendered":"http:\/\/tortellini.nu\/?page_id=57"},"modified":"2021-08-18T11:04:58","modified_gmt":"2021-08-18T11:04:58","slug":"kommer-snart","status":"publish","type":"page","link":"https:\/\/tortellini.nu\/index.php\/kommer-snart\/","title":{"rendered":"Kommer snart"},"content":{"rendered":"\t\t<div data-elementor-type=\"wp-page\" data-elementor-id=\"57\" class=\"elementor elementor-57\">\n\t\t\t\t\t\t\t\t\t<section class=\"has_ma_el_bg_slider elementor-section elementor-top-section elementor-element elementor-element-41fd964 elementor-section-height-min-height elementor-section-boxed elementor-section-height-default elementor-section-items-middle jltma-glass-effect-no\" data-id=\"41fd964\" data-element_type=\"section\" data-settings=\"{&quot;background_background&quot;:&quot;slideshow&quot;,&quot;background_slideshow_ken_burns&quot;:&quot;yes&quot;,&quot;background_slideshow_gallery&quot;:[{&quot;id&quot;:300,&quot;url&quot;:&quot;https:\\\/\\\/tortellini.nu\\\/wp-content\\\/uploads\\\/2021\\\/08\\\/ezgif.com-gif-maker-1.gif&quot;}],&quot;background_slideshow_loop&quot;:&quot;yes&quot;,&quot;background_slideshow_slide_duration&quot;:5000,&quot;background_slideshow_slide_transition&quot;:&quot;fade&quot;,&quot;background_slideshow_transition_duration&quot;:500,&quot;background_slideshow_ken_burns_zoom_direction&quot;:&quot;in&quot;,&quot;_ha_eqh_enable&quot;:false}\">\n\t\t\t\t\t\t\t<div class=\"elementor-background-overlay\"><\/div>\n\t\t\t\t\t\t\t<div class=\"elementor-container elementor-column-gap-no\">\n\t\t\t\t\t<div class=\"has_ma_el_bg_slider elementor-column elementor-col-100 elementor-top-column elementor-element elementor-element-441988d7 jltma-glass-effect-no\" data-id=\"441988d7\" data-element_type=\"column\" data-settings=\"{&quot;background_background&quot;:&quot;classic&quot;}\">\n\t\t\t<div class=\"elementor-widget-wrap elementor-element-populated\">\n\t\t\t\t\t\t\t\t<div class=\"elementor-element elementor-element-4375ac7e jltma-glass-effect-no elementor-invisible elementor-widget elementor-widget-heading\" data-id=\"4375ac7e\" data-element_type=\"widget\" data-settings=\"{&quot;_animation_delay&quot;:200,&quot;_animation&quot;:&quot;fadeInUp&quot;}\" data-widget_type=\"heading.default\">\n\t\t\t\t<div class=\"elementor-widget-container\">\n\t\t\t<style>\/*! elementor - v3.6.6 - 08-06-2022 *\/\n.elementor-heading-title{padding:0;margin:0;line-height:1}.elementor-widget-heading .elementor-heading-title[class*=elementor-size-]>a{color:inherit;font-size:inherit;line-height:inherit}.elementor-widget-heading .elementor-heading-title.elementor-size-small{font-size:15px}.elementor-widget-heading .elementor-heading-title.elementor-size-medium{font-size:19px}.elementor-widget-heading .elementor-heading-title.elementor-size-large{font-size:29px}.elementor-widget-heading .elementor-heading-title.elementor-size-xl{font-size:39px}.elementor-widget-heading .elementor-heading-title.elementor-size-xxl{font-size:59px}<\/style><h2 class=\"elementor-heading-title elementor-size-default\">Kommer snart<\/h2>\t\t<\/div>\n\t\t\t\t<\/div>\n\t\t\t\t<div class=\"elementor-element elementor-element-dbaf498 jltma-glass-effect-no elementor-invisible elementor-widget elementor-widget-image\" data-id=\"dbaf498\" data-element_type=\"widget\" data-settings=\"{&quot;_animation&quot;:&quot;fadeInUp&quot;,&quot;_animation_delay&quot;:200}\" data-widget_type=\"image.default\">\n\t\t\t\t<div class=\"elementor-widget-container\">\n\t\t\t<style>\/*! elementor - v3.6.6 - 08-06-2022 *\/\n.elementor-widget-image{text-align:center}.elementor-widget-image a{display:inline-block}.elementor-widget-image a img[src$=\".svg\"]{width:48px}.elementor-widget-image img{vertical-align:middle;display:inline-block}<\/style>\t\t\t\t\t\t\t\t\t\t\t\t<img loading=\"lazy\" decoding=\"async\" width=\"419\" height=\"222\" src=\"https:\/\/tortellini.nu\/wp-content\/uploads\/2021\/08\/logg1@3x.png\" class=\"attachment-large size-large\" alt=\"\" srcset=\"https:\/\/tortellini.nu\/wp-content\/uploads\/2021\/08\/logg1@3x.png 419w, https:\/\/tortellini.nu\/wp-content\/uploads\/2021\/08\/logg1@3x-300x159.png 300w\" sizes=\"auto, (max-width: 419px) 100vw, 419px\" style=\"width:100%;height:52.98%;max-width:419px\" \/>\t\t\t\t\t\t\t\t\t\t\t\t\t\t\t<\/div>\n\t\t\t\t<\/div>\n\t\t\t\t<section class=\"has_ma_el_bg_slider elementor-section elementor-inner-section elementor-element elementor-element-5ea27827 elementor-section-boxed elementor-section-height-default elementor-section-height-default jltma-glass-effect-no elementor-invisible\" data-id=\"5ea27827\" data-element_type=\"section\" data-settings=\"{&quot;animation&quot;:&quot;fadeInUp&quot;,&quot;animation_delay&quot;:400,&quot;_ha_eqh_enable&quot;:false}\">\n\t\t\t\t\t\t\t<div class=\"elementor-background-overlay\"><\/div>\n\t\t\t\t\t\t\t<div class=\"elementor-container elementor-column-gap-default\">\n\t\t\t\t\t<div class=\"has_ma_el_bg_slider elementor-column elementor-col-100 elementor-inner-column elementor-element elementor-element-bf9b4e5 jltma-glass-effect-no\" data-id=\"bf9b4e5\" data-element_type=\"column\">\n\t\t\t<div class=\"elementor-widget-wrap elementor-element-populated\">\n\t\t\t\t\t\t\t\t<div class=\"elementor-element elementor-element-60704c5f jltma-glass-effect-no elementor-widget elementor-widget-text-editor\" data-id=\"60704c5f\" data-element_type=\"widget\" data-widget_type=\"text-editor.default\">\n\t\t\t\t<div class=\"elementor-widget-container\">\n\t\t\t<style>\/*! elementor - v3.6.6 - 08-06-2022 *\/\n.elementor-widget-text-editor.elementor-drop-cap-view-stacked .elementor-drop-cap{background-color:#818a91;color:#fff}.elementor-widget-text-editor.elementor-drop-cap-view-framed .elementor-drop-cap{color:#818a91;border:3px solid;background-color:transparent}.elementor-widget-text-editor:not(.elementor-drop-cap-view-default) .elementor-drop-cap{margin-top:8px}.elementor-widget-text-editor:not(.elementor-drop-cap-view-default) .elementor-drop-cap-letter{width:1em;height:1em}.elementor-widget-text-editor .elementor-drop-cap{float:left;text-align:center;line-height:1;font-size:50px}.elementor-widget-text-editor .elementor-drop-cap-letter{display:inline-block}<\/style>\t\t\t\tVi bygger om v\u00e5r hemsida. <BR \/>Ni hittar oss h\u00e4r s\u00e5 l\u00e4nge:\t\t\t\t\t\t<\/div>\n\t\t\t\t<\/div>\n\t\t\t\t\t<\/div>\n\t\t<\/div>\n\t\t\t\t\t\t\t<\/div>\n\t\t<\/section>\n\t\t\t\t<section class=\"has_ma_el_bg_slider elementor-section elementor-inner-section elementor-element elementor-element-39eb92c elementor-section-boxed elementor-section-height-default elementor-section-height-default jltma-glass-effect-no elementor-invisible\" data-id=\"39eb92c\" data-element_type=\"section\" data-settings=\"{&quot;animation&quot;:&quot;fadeInUp&quot;,&quot;animation_delay&quot;:400,&quot;_ha_eqh_enable&quot;:false}\">\n\t\t\t\t\t\t\t<div class=\"elementor-background-overlay\"><\/div>\n\t\t\t\t\t\t\t<div class=\"elementor-container elementor-column-gap-default\">\n\t\t\t\t\t<div class=\"has_ma_el_bg_slider elementor-column elementor-col-50 elementor-inner-column elementor-element elementor-element-b64a38b jltma-glass-effect-no\" data-id=\"b64a38b\" data-element_type=\"column\">\n\t\t\t<div class=\"elementor-widget-wrap elementor-element-populated\">\n\t\t\t\t\t\t\t\t<div class=\"elementor-element elementor-element-5614da89 elementor-align-right elementor-mobile-align-center jltma-glass-effect-no elementor-invisible elementor-widget elementor-widget-button\" data-id=\"5614da89\" data-element_type=\"widget\" data-settings=\"{&quot;_animation&quot;:&quot;fadeInUp&quot;,&quot;_animation_delay&quot;:600}\" data-widget_type=\"button.default\">\n\t\t\t\t<div class=\"elementor-widget-container\">\n\t\t\t\t\t<div class=\"elementor-button-wrapper\">\n\t\t\t<a href=\"https:\/\/www.facebook.com\/Restaurang-Tortellini-466289743445030\/\" class=\"elementor-button-link elementor-button elementor-size-sm elementor-animation-grow\" role=\"button\">\n\t\t\t\t\t\t<span class=\"elementor-button-content-wrapper\">\n\t\t\t\t\t\t<span class=\"elementor-button-text\">Facebook<\/span>\n\t\t<\/span>\n\t\t\t\t\t<\/a>\n\t\t<\/div>\n\t\t\t\t<\/div>\n\t\t\t\t<\/div>\n\t\t\t\t\t<\/div>\n\t\t<\/div>\n\t\t\t\t<div class=\"has_ma_el_bg_slider elementor-column elementor-col-50 elementor-inner-column elementor-element elementor-element-504b4d4 jltma-glass-effect-no\" data-id=\"504b4d4\" data-element_type=\"column\">\n\t\t\t<div class=\"elementor-widget-wrap elementor-element-populated\">\n\t\t\t\t\t\t\t\t<div class=\"elementor-element elementor-element-eb274ca elementor-align-left elementor-mobile-align-center jltma-glass-effect-no elementor-invisible elementor-widget elementor-widget-button\" data-id=\"eb274ca\" data-element_type=\"widget\" data-settings=\"{&quot;_animation&quot;:&quot;fadeInUp&quot;,&quot;_animation_delay&quot;:600}\" data-widget_type=\"button.default\">\n\t\t\t\t<div class=\"elementor-widget-container\">\n\t\t\t\t\t<div class=\"elementor-button-wrapper\">\n\t\t\t<a href=\"https:\/\/www.instagram.com\/restaurang_tortellini\/\" class=\"elementor-button-link elementor-button elementor-size-sm elementor-animation-grow\" role=\"button\">\n\t\t\t\t\t\t<span class=\"elementor-button-content-wrapper\">\n\t\t\t\t\t\t<span class=\"elementor-button-text\">Instagram<\/span>\n\t\t<\/span>\n\t\t\t\t\t<\/a>\n\t\t<\/div>\n\t\t\t\t<\/div>\n\t\t\t\t<\/div>\n\t\t\t\t\t<\/div>\n\t\t<\/div>\n\t\t\t\t\t\t\t<\/div>\n\t\t<\/section>\n\t\t\t\t\t<\/div>\n\t\t<\/div>\n\t\t\t\t\t\t\t<\/div>\n\t\t<\/section>\n\t\t\t\t\t\t\t<\/div>\n\t\t","protected":false},"excerpt":{"rendered":"<p>Kommer snart Vi bygger om v\u00e5r hemsida. Ni hittar oss h\u00e4r s\u00e5 l\u00e4nge: Facebook Instagram<\/p>\n","protected":false},"author":1,"featured_media":0,"parent":0,"menu_order":0,"comment_status":"closed","ping_status":"closed","template":"elementor_canvas","meta":{"footnotes":""},"class_list":["post-57","page","type-page","status-publish","hentry","entry"],"yoast_head":"<!-- This site is optimized with the Yoast SEO plugin v19.1 - https:\/\/yoast.com\/wordpress\/plugins\/seo\/ -->\n<title>Kommer snart &mdash; Tortellini<\/title>\n<meta name=\"robots\" content=\"index, follow, max-snippet:-1, max-image-preview:large, max-video-preview:-1\" \/>\n<link rel=\"canonical\" href=\"https:\/\/tortellini.nu\/index.php\/kommer-snart\/\" \/>\n<meta property=\"og:locale\" content=\"sv_SE\" \/>\n<meta property=\"og:type\" content=\"article\" \/>\n<meta property=\"og:title\" content=\"Kommer snart &mdash; Tortellini\" \/>\n<meta property=\"og:description\" content=\"Kommer snart Vi bygger om v\u00e5r hemsida. Ni hittar oss h\u00e4r s\u00e5 l\u00e4nge: Facebook Instagram\" \/>\n<meta property=\"og:url\" content=\"https:\/\/tortellini.nu\/index.php\/kommer-snart\/\" \/>\n<meta property=\"og:site_name\" content=\"Tortellini\" \/>\n<meta property=\"article:publisher\" content=\"https:\/\/www.facebook.com\/Restaurang-Tortellini-466289743445030\/\" \/>\n<meta property=\"article:modified_time\" content=\"2021-08-18T11:04:58+00:00\" \/>\n<meta property=\"og:image\" content=\"https:\/\/tortellini.nu\/wp-content\/uploads\/2021\/08\/logg1@3x.png\" \/>\n<meta name=\"twitter:card\" content=\"summary_large_image\" \/>\n<script type=\"application\/ld+json\" class=\"yoast-schema-graph\">{\"@context\":\"https:\/\/schema.org\",\"@graph\":[{\"@type\":\"Organization\",\"@id\":\"https:\/\/tortellini.nu\/#organization\",\"name\":\"Tortellini\",\"url\":\"https:\/\/tortellini.nu\/\",\"sameAs\":[\"https:\/\/www.instagram.com\/restaurang_tortellini\/\",\"https:\/\/www.facebook.com\/Restaurang-Tortellini-466289743445030\/\"],\"logo\":{\"@type\":\"ImageObject\",\"inLanguage\":\"sv-SE\",\"@id\":\"https:\/\/tortellini.nu\/#\/schema\/logo\/image\/\",\"url\":\"https:\/\/tortellini.nu\/wp-content\/uploads\/2021\/08\/Prima\u0308r-gro\u0308n.svg\",\"contentUrl\":\"https:\/\/tortellini.nu\/wp-content\/uploads\/2021\/08\/Prima\u0308r-gro\u0308n.svg\",\"caption\":\"Tortellini\"},\"image\":{\"@id\":\"https:\/\/tortellini.nu\/#\/schema\/logo\/image\/\"}},{\"@type\":\"WebSite\",\"@id\":\"https:\/\/tortellini.nu\/#website\",\"url\":\"https:\/\/tortellini.nu\/\",\"name\":\"Tortellini\",\"description\":\"Cucina Italiana\",\"publisher\":{\"@id\":\"https:\/\/tortellini.nu\/#organization\"},\"potentialAction\":[{\"@type\":\"SearchAction\",\"target\":{\"@type\":\"EntryPoint\",\"urlTemplate\":\"https:\/\/tortellini.nu\/?s={search_term_string}\"},\"query-input\":\"required name=search_term_string\"}],\"inLanguage\":\"sv-SE\"},{\"@type\":\"ImageObject\",\"inLanguage\":\"sv-SE\",\"@id\":\"https:\/\/tortellini.nu\/index.php\/kommer-snart\/#primaryimage\",\"url\":\"https:\/\/tortellini.nu\/wp-content\/uploads\/2021\/08\/logg1@3x.png\",\"contentUrl\":\"https:\/\/tortellini.nu\/wp-content\/uploads\/2021\/08\/logg1@3x.png\",\"width\":419,\"height\":222},{\"@type\":\"WebPage\",\"@id\":\"https:\/\/tortellini.nu\/index.php\/kommer-snart\/#webpage\",\"url\":\"https:\/\/tortellini.nu\/index.php\/kommer-snart\/\",\"name\":\"Kommer snart &mdash; Tortellini\",\"isPartOf\":{\"@id\":\"https:\/\/tortellini.nu\/#website\"},\"primaryImageOfPage\":{\"@id\":\"https:\/\/tortellini.nu\/index.php\/kommer-snart\/#primaryimage\"},\"datePublished\":\"2021-08-16T11:26:54+00:00\",\"dateModified\":\"2021-08-18T11:04:58+00:00\",\"breadcrumb\":{\"@id\":\"https:\/\/tortellini.nu\/index.php\/kommer-snart\/#breadcrumb\"},\"inLanguage\":\"sv-SE\",\"potentialAction\":[{\"@type\":\"ReadAction\",\"target\":[\"https:\/\/tortellini.nu\/index.php\/kommer-snart\/\"]}]},{\"@type\":\"BreadcrumbList\",\"@id\":\"https:\/\/tortellini.nu\/index.php\/kommer-snart\/#breadcrumb\",\"itemListElement\":[{\"@type\":\"ListItem\",\"position\":1,\"name\":\"Hem\",\"item\":\"https:\/\/tortellini.nu\/\"},{\"@type\":\"ListItem\",\"position\":2,\"name\":\"Kommer snart\"}]}]}<\/script>\n<!-- \/ Yoast SEO plugin. -->","yoast_head_json":{"title":"Kommer snart &mdash; Tortellini","robots":{"index":"index","follow":"follow","max-snippet":"max-snippet:-1","max-image-preview":"max-image-preview:large","max-video-preview":"max-video-preview:-1"},"canonical":"https:\/\/tortellini.nu\/index.php\/kommer-snart\/","og_locale":"sv_SE","og_type":"article","og_title":"Kommer snart &mdash; Tortellini","og_description":"Kommer snart Vi bygger om v\u00e5r hemsida. Ni hittar oss h\u00e4r s\u00e5 l\u00e4nge: Facebook Instagram","og_url":"https:\/\/tortellini.nu\/index.php\/kommer-snart\/","og_site_name":"Tortellini","article_publisher":"https:\/\/www.facebook.com\/Restaurang-Tortellini-466289743445030\/","article_modified_time":"2021-08-18T11:04:58+00:00","og_image":[{"url":"https:\/\/tortellini.nu\/wp-content\/uploads\/2021\/08\/logg1@3x.png"}],"twitter_card":"summary_large_image","schema":{"@context":"https:\/\/schema.org","@graph":[{"@type":"Organization","@id":"https:\/\/tortellini.nu\/#organization","name":"Tortellini","url":"https:\/\/tortellini.nu\/","sameAs":["https:\/\/www.instagram.com\/restaurang_tortellini\/","https:\/\/www.facebook.com\/Restaurang-Tortellini-466289743445030\/"],"logo":{"@type":"ImageObject","inLanguage":"sv-SE","@id":"https:\/\/tortellini.nu\/#\/schema\/logo\/image\/","url":"https:\/\/tortellini.nu\/wp-content\/uploads\/2021\/08\/Prima\u0308r-gro\u0308n.svg","contentUrl":"https:\/\/tortellini.nu\/wp-content\/uploads\/2021\/08\/Prima\u0308r-gro\u0308n.svg","caption":"Tortellini"},"image":{"@id":"https:\/\/tortellini.nu\/#\/schema\/logo\/image\/"}},{"@type":"WebSite","@id":"https:\/\/tortellini.nu\/#website","url":"https:\/\/tortellini.nu\/","name":"Tortellini","description":"Cucina Italiana","publisher":{"@id":"https:\/\/tortellini.nu\/#organization"},"potentialAction":[{"@type":"SearchAction","target":{"@type":"EntryPoint","urlTemplate":"https:\/\/tortellini.nu\/?s={search_term_string}"},"query-input":"required name=search_term_string"}],"inLanguage":"sv-SE"},{"@type":"ImageObject","inLanguage":"sv-SE","@id":"https:\/\/tortellini.nu\/index.php\/kommer-snart\/#primaryimage","url":"https:\/\/tortellini.nu\/wp-content\/uploads\/2021\/08\/logg1@3x.png","contentUrl":"https:\/\/tortellini.nu\/wp-content\/uploads\/2021\/08\/logg1@3x.png","width":419,"height":222},{"@type":"WebPage","@id":"https:\/\/tortellini.nu\/index.php\/kommer-snart\/#webpage","url":"https:\/\/tortellini.nu\/index.php\/kommer-snart\/","name":"Kommer snart &mdash; Tortellini","isPartOf":{"@id":"https:\/\/tortellini.nu\/#website"},"primaryImageOfPage":{"@id":"https:\/\/tortellini.nu\/index.php\/kommer-snart\/#primaryimage"},"datePublished":"2021-08-16T11:26:54+00:00","dateModified":"2021-08-18T11:04:58+00:00","breadcrumb":{"@id":"https:\/\/tortellini.nu\/index.php\/kommer-snart\/#breadcrumb"},"inLanguage":"sv-SE","potentialAction":[{"@type":"ReadAction","target":["https:\/\/tortellini.nu\/index.php\/kommer-snart\/"]}]},{"@type":"BreadcrumbList","@id":"https:\/\/tortellini.nu\/index.php\/kommer-snart\/#breadcrumb","itemListElement":[{"@type":"ListItem","position":1,"name":"Hem","item":"https:\/\/tortellini.nu\/"},{"@type":"ListItem","position":2,"name":"Kommer snart"}]}]}},"_links":{"self":[{"href":"https:\/\/tortellini.nu\/index.php\/wp-json\/wp\/v2\/pages\/57","targetHints":{"allow":["GET"]}}],"collection":[{"href":"https:\/\/tortellini.nu\/index.php\/wp-json\/wp\/v2\/pages"}],"about":[{"href":"https:\/\/tortellini.nu\/index.php\/wp-json\/wp\/v2\/types\/page"}],"author":[{"embeddable":true,"href":"https:\/\/tortellini.nu\/index.php\/wp-json\/wp\/v2\/users\/1"}],"replies":[{"embeddable":true,"href":"https:\/\/tortellini.nu\/index.php\/wp-json\/wp\/v2\/comments?post=57"}],"version-history":[{"count":52,"href":"https:\/\/tortellini.nu\/index.php\/wp-json\/wp\/v2\/pages\/57\/revisions"}],"predecessor-version":[{"id":327,"href":"https:\/\/tortellini.nu\/index.php\/wp-json\/wp\/v2\/pages\/57\/revisions\/327"}],"wp:attachment":[{"href":"https:\/\/tortellini.nu\/index.php\/wp-json\/wp\/v2\/media?parent=57"}],"curies":[{"name":"wp","href":"https:\/\/api.w.org\/{rel}","templated":true}]}}